51763. Give a(-17).
4
Let q(l) = 14*l**2 + 286*l + 857. Give q(-3).
125
Let q(n) = 137*n**2 - 3149*n - 27. Calculate q(23).
19
Let m(l) = 10*l**2 - 1833*l - 7359. Give m(-4).
133
Let r(j) = 2*j + 1735. What is r(57)?
1849
Let m(z) = -4*z**2 + 1377*z + 12719. Determine m(-9).
2
Let c(v) = -v**2 - 12729*v - 760125. Determine c(-60).
15
Let n(s) = 788*s - 6759. Calculate n(10).
1121
Let g(o) = 2*o**2 - 1400*o + 21877. What is g(16)?
-11
Let n(v) = -6685*v - 280967. What is n(-42)?
-197
Let t(j) = -5523*j + 3148095. Give t(570).
-15
Let n(j) = -12417*j**2 - 1216863*j + 295. What is n(-98)?
1
Let p(c) = -2*c**3 + c**2 - 1110*c - 5609. Determine p(-5).
216
Let p(j) = -j**2 - 7754*j - 223999. Calculate p(-29).
26
Let j(o) = 15849*o + 126869. Give j(-8).
77
Let h(r) = -125940*r - 2644813. Determine h(-21).
-73
Let f(u) = -u**3 + 705*u**2 - 7635*u + 8. Calculate f(11).
-3
Let a(x) = 899*x - 44945. Determine a(50).
5
Let f(o) = 6045*o - 24174. Determine f(4).
6
Let u(t) = 3*t**3 - 442*t**2 + 143*t - 175. Calculate u(147).
-763
Let r(n) = 217376*n + 1087632. Give r(-5).
752
Let w(p) = 27*p + 476. Calculate w(-4).
368
Let v(x) = -54002*x + 378032. Calculate v(7).
18
Let h(q) = -431*q + 43841. What is h(104)?
-983
Let m(s) = 3759*s + 1293106. What is m(-344)?
10
Let u(b) = -445244*b - 1780973. What is u(-4)?
3
Let t(z) = 2*z**3 - 3*z**2 - 20*z + 306. Calculate t(7).
705
Let w(j) = 1028*j + 117019. Calculate w(-114).
-173
Let m(t) = -2776*t - 133237. Determine m(-48).
11
Let c(k) = -19655*k + 353793. Give c(18).
3
Let p(j) = -2*j**3 - 611*j**2 + 342*j + 11012. Determine p(-306).
-4
Let j(z) = -7*z**2 + 830*z + 8495. What is j(128)?
47
Let j(z) = 7952*z + 67866. Give j(-9).
-3702
Let m(s) = -2*s**3 + 11*s**2 + 35*s + 349. Determine m(-7).
1329
Let v(u) = -14402*u + 1022552. What is v(71)?
10
Let j(f) = -6387*f + 102310. Calculate j(16).
118
Let y(l) = -537*l + 8041. What is y(15)?
-14
Let v(k) = -17053*k + 6974677. Calculate v(409).
0
Let c(n) = 302*n**3 - 2149*n**2 - n + 8. Determine c(7).
-1714
Let r(z) = 5*z**2 - 19*z + 1193. What is r(16)?
2169
Let h(f) = -f**2 - 80830*f + 1536189. What is h(19)?
58
Let j(n) = -2*n**2 - 1385*n + 58591. Give j(40).
-9
Let u(s) = -49*s**2 + 495*s - 70. Calculate u(9).
416
Let x(y) = -54690*y - 382803. Calculate x(-7).
27
Let o(j) = -j**3 + 3*j**2 + 50*j + 630. Give o(0).
630
Let n(c) = -302*c + 2993. Calculate n(10).
-27
Let d(y) = -2*y**3 - 183*y**2 - 668*y - 4571. Calculate d(-88).
5
Let d(m) = m**3 - 25*m**2 - 56*m + 2129. Calculate d(24).
209
Let s(n) = 398*n**2 + 6778*n + 242. Give s(-17).
38
Let p(n) = n**3 + 55*n**2 + 68*n + 971. Calculate p(-54).
215
Let y(d) = 8774*d + 61336. What is y(-7)?
-82
Let s(x) = 2*x**3 - 21*x**2 - 128*x + 1316. Give s(8).
-28
Let s(w) = -203686*w - 407359. What is s(-2)?
13
Let c(q) = -q**3 + 39*q**2 + 38*q - 824. Give c(39).
658
Let d(c) = 2*c**2 - 257*c - 5880. Calculate d(148).
-108
Let d(c) = -c**3 + 56*c**2 + 315*c - 626. What is d(61)?
-16
Let m(h) = -2*h**2 - 10351*h + 207813. Calculate m(20).
-7
Let d(y) = 463*y - 1281. Determine d(3).
108
Let c(i) = -2*i**2 + 784*i - 76745. Give c(190).
15
Let z(r) = 21935*r - 109925. Calculate z(5).
-250
Let o(d) = -d**2 - 225*d - 188. What is o(-224)?
36
Let x(s) = -s**2 + 594*s - 59986. Calculate x(129).
-1
Let h(a) = 4*a**3 - 116*a**2 + 41*a - 1180. Calculate h(29).
9
Let n(i) = 148*i**2 - 547*i - 699. Calculate n(-1).
-4
Let r(i) = 8*i**3 - 2072*i**2 - 2*i + 537. What is r(259)?
19
Let z(j) = j**3 - 271*j**2 + 613*j - 20105. What is z(269)?
70
Let s(p) = 34911*p + 872683. Calculate s(-25).
-92
Let f(k) = -k**3 + 407*k**2 - 23319*k - 134. Determine f(69).
73
Let f(a) = 340*a + 44853. What is f(-135)?
-1047
Let f(k) = -k**3 + 51*k**2 + 15583*k + 3515. Determine f(153).
-4
Let d(z) = 2*z**3 + 34*z**2 - 185*z - 3084. Determine d(-17).
61
Let v(b) = -4*b**2 - 1278*b + 332859. Determine v(170).
-1
Let l(s) = -1577*s**2 + 685996*s - 406. Give l(435).
29
Let p(t) = -20*t**3 + 337*t**2 + 26*t + 5. Determine p(17).
-420
Let j(a) = a**3 - 9*a**2 + 563*a - 6408. Calculate j(11).
27
Let r(f) = -f**3 - 91*f**2 - 16*f - 1672. Determine r(-91).
-216
Let n(r) = -27*r**2 - 707*r - 576. Calculate n(-25).
224
Let u(n) = -547*n + 4133. What is u(8)?
-243
Let x(s) = 5046*s - 39899. Give x(8).
469
Let l(q) = 13*q**2 + 447*q + 167. Determine l(-33).
-427
Let g(i) = i**3 - 52*i**2 - 276*i + 2933. Calculate g(56).
21
Let a(t) = 695*t - 89166. Calculate a(129).
489
Let x(j) = -17695*j + 22401874. What is x(1266)?
4
Let n(g) = 8*g**3 - 36*g**2 + 1057*g - 4188. Calculate n(4).
-24
Let g(j) = 4*j**3 + 125*j**2 + 12*j + 386. Give g(-31).
975
Let q(r) = -1040*r**2 - 314081*r - 291. What is q(-302)?
11
Let j(w) = -4*w**2 - 96*w + 1663. Determine j(-36).
-65
Let p(b) = -13868*b + 83213. What is p(6)?
5
Let i(s) = s**3 + 108*s**2 - 1456*s - 1968. Give i(-120).
-48
Let x(g) = -g**3 - 24*g**2 + 351*g + 8118. Give x(-25).
-32
Let u(z) = 20*z**2 + 4067*z + 1251. Give u(-203).
-170
Let k(o) = 364*o**2 + 22*o - 30. Give k(1).
356
Let r(f) = 8*f**2 + 289*f + 1160. Determine r(-4).
132
Let p(g) = -g**3 + 90*g**2 + 1000*g + 82. What is p(100)?
82
Let a(d) = 3517*d**2 + 126636*d + 862. Calculate a(-36).
-2
Let u(x) = 11666*x - 381. Determine u(0).
-381
Let g(c) = -2048*c - 296959. What is g(-145)?
1
Let a(g) = -3*g**2 + 3181*g - 56707. Give a(18).
-421
Let x(n) = 2*n**3 - 165*n**2 - 2040*n + 8195. Calculate x(93).
104
Let z(n) = -700474*n - 5603786. Give z(-8).
6
Let o(q) = -q**3 - 4*q**2 - 35069*q - 210368. Give o(-6).
118
Let o(z) = 10*z**2 + 1727*z + 1321. Determine o(-172).
117
Let x(i) = -8*i**2 + 10*i + 91. What is x(10)?
-609
Let c(s) = -177*s**2 + 423*s - 423. Determine c(1).
-177
Let y(b) = b**3 + 34*b**2 - 119*b - 7. Calculate y(4).
125
Let o(i) = -44*i**2 - 2130*i - 25556. Give o(-22).
8
Let v(x) = 626*x + 37602. Determine v(-58).
1294
Let i(m) = 262*m - 24034. Give i(92).
70
Let s(r) = 675*r + 2935. Determine s(-5).
-440
Let r(z) = 458*z - 10435. Give r(22).
-359
Let z(d) = -430*d + 87828. What is z(204)?
108
Let d(i) = -97684*i + 1269881. Calculate d(13).
-11
Let q(o) = 301*o**2 + 21644*o + 39. Determine q(-72).
2055
Let a(u) = -27*u**2 + 192*u - 142. Give a(17).
-4681
Let q(b) = -28*b - 3046. What is q(-130)?
594
Let y(m) = 2870*m + 10869. Calculate y(-4).
-611
Let f(d) = -d**3 - 43*d**2 - 155*d - 2194. Calculate f(-43).
4471
Let y(l) = -2*l**2 - 789*l - 17299. Calculate y(-23).
-210
Let f(l) = l**3 + 121*l**2 - 498*l - 74202. Give f(-120).
-42
Let t(s) = 2*s**3 + 31*s**2 - 4*s - 24. What is t(-16)?
-216
Let z(y) = 21*y**2 - 177*y + 363. What is z(4)?
-9
Let s(f) = 7*f**2 + 26*f + 229. Calculate s(-10).
669
Let s(t) = -t**3 - 56*t**2 + 12437*t + 705647. Determine s(-57).
-13
Let x(y) = 376*y + 29953. Calculate x(-80).
-127
Let a(d) = -8*d**2 + 1337*d + 34643. Calculate a(190).
-127
Let x(h) = -103*h + 5144. What is x(51)?
-109
Let l(v) = v**3 + 9*v**2 + 62*v + 430. Determine l(-8).
-2
Let l(m) = -7*m**2 - 138*m - 544. Determine l(-15).
-49
Let l(h) = 34347*h - 68705. Give l(2).
-11
Let s(c) = -3*c**3 - 6*c**2 + 149*c - 7. Give s(8).
-735
Let l(m) = 3*m**2 + 365*m - 3403. What is l(9)?
125
Let w(y) = -y**2 + 164*y + 34851. Give w(286).
-41
Let p(h) = 15106*h + 135959. Give p(-9).
5
Let u(t) = 4*t**2 - 130*t + 2065. Determine u(18).
1021
Let s(h) = -h**2 + 21716*h - 1040063. Calculate s(48).
1
Let o(d) = 24479*d + 73482. What is o(-3)?
45
Let n(u) = -632*u - 1923. Give n(-3).
-27
Let s(f) = f**2 - 7223*f + 72124. Calculate s(10).
-6
Let w(v) = -16*v**2 - 24*v + 415. Calculate w(7).
-537
Let u(x) = 6*x**3 - 483*x**2 + 39*x + 7. What is u(0)?
7
Let n(t) = 1439*t - 4259. Calculate n(3).
58
Let r(j) = -271*j - 908. What is r(-4)?
176
Let g(a) = -6496*a + 25792. Give g(4).
-192
Let o(p) = -5584*p - 150754. What is o(-27)?
14
Let o(v) = 6*v**2 + 192240*v - 3077372. Calculate o(16).
4
Let u(f) = -61161*f + 611640. Determine u(10).
30
Let m(r) = -2*r**2 + 122*r - 592. Determine m(65).
-1112
Let g(u) = 230*u + 91303. Give g(-397).
-7
Let h(c) = -c**3 - 834*c**2 - 7408*c + 14031. Give h(-825).
6
Let q(p) = -p**3 - 277*p**2 - 10454*p + 85. Calculate q(-45).
715
Let h(q) = -4*q**3 - 17*q**2 + 78*q - 2. What is h(-7)?
-9
Let m(g) = 2*g**3 - 63*g**2 + 90*g - 63. Give m(30).
-63
Let